Let g(m) = 0*m + 9 - 3 + m - 4. What is g(2)?
4
Let g(j) = -j**3 - 2*j**2 + 2*j + 2. Let q be 3/2*12/9. Suppose 0 = -6*f + q*f - 12. What is g(f)?
5
Let w(l) = 2*l - 7. Let m(x) = -3*x + 8. Let f(k) = -4*m(k) - 5*w(k). Calculate f(-6).
-9
Let c(j) = -j**3 - 4*j**2 - 2*j - 3. Let b = 14 - 17. Calculate c(b).
-6
Let g(w) = -w**2 + 11*w + 13. Let x be g(12). Let l be 0/((-3 + 4)/x). Let t(s) = s**2 - s - 1. Determine t(l).
-1
Let g(k) = -37*k**2 + 6*k + 27. Let a(v) = 13*v**2 - 2*v - 9. Let f(x) = -17*a(x) - 6*g(x). Calculate f(7).
26
Let k(v) = -v**3 - v + 1. Let m be k(-2). Let q = 11 - m. Let t(n) = -n**3 - n + 4. Give t(q).
4
Suppose 4*w - 4*t = -9*t - 9, 0 = -5*w - 4*t. Suppose 0 = k + 4*a - 1, -2*k - w*a = -0*a + 6. Let s be ((-2)/3)/(k/42). Let y(l) = l - 2. Give y(s).
2
Let o(j) = 11*j - 20*j + 5*j - 1 + j. What is o(3)?
-10
Let a(z) be the first derivative of z**3/3 + z**2 - 2. Suppose j + 3*q = 6, -5*j + 2 = 2*q - q. Suppose k = -j*k - 2. Calculate a(k).
0
Suppose 5*h - x = 4*x - 35, -2*x + 11 = -h. Let b be (-18)/14 + 2/7. Let u = h - b. Let p(o) = 2*o + 3. What is p(u)?
-1
Let h be 0/(-3 - -3 - 2). Suppose h = 6*o - o. Let l(p) = -p**2 + p + 1. What is l(o)?
1
Let f = -4 - -9. Let m(w) = -w. Suppose 0*v - v = 2. Let g(n) = 2*n - 2. Let z(l) = v*g(l) - 2*m(l). Give z(f).
-6
Let a(h) = 4*h - 2. Let z be a(2). Let g(p) = p**2 + 0 + 3 + z*p - 3*p. Calculate g(-4).
7
Let v = 0 + 0. Suppose -3*a + 11 = -1. Let b(r) = -a*r + 2 + 3*r - 6. What is b(v)?
-4
Let w(x) be the second derivative of -x**5/10 - x**3/3 + x**2/2 - 6*x. Let o(i) = 2*i**3 + 2*i - 2. Let l(g) = -2*o(g) - 3*w(g). Let v = 0 - 1. Determine l(v).
-3
Let z(i) be the first derivative of -1/3*i**3 + 7*i + 2*i**2 + 1. Let q = -5 + 10. Give z(q).
2
Let u(g) = -g - 5. Suppose 5*t = -v + 26, 0 = -t - 2*v + 3*v + 4. Suppose t*r = 3*r - 8. What is u(r)?
-1
Let k = -2 - -2. Suppose 15 = 3*j - k. Let x(v) = 2*v - 7. Calculate x(j).
3
Let v(o) = o**3 + o**2 + o + 1. Let f(t) = 3*t**3 + 4*t**2 + 4*t + 8. Let m(c) = 2*c + 11. Let u be m(-6). Let w(p) = u*f(p) + 4*v(p). Determine w(0).
-4
Let g(s) = 3*s**3 - 3 + 0*s**3 + 0*s**2 - 2*s - 4*s**2. Let m(a) = -10*a**3 + 13*a**2 + 7*a + 10. Let z(t) = 7*g(t) + 2*m(t). Calculate z(3).
8
Suppose -2*r = -7*r + 5*v - 10, -5*r = -3*v + 10. Let q(k) = -2*k + 1. Determine q(r).
5
Let v(n) = -7*n**2 + 4*n + 6. Let x(w) = -4*w + 1. Let g be x(2). Let r(p) = 8*p**2 - 4*p - 7. Let s(b) = g*v(b) - 6*r(b). Determine s(5).
5
Let d(x) = 18*x**2 + x. Let k be 2/(3 - 1)*(-4 + 3). Give d(k).
17
Let i(y) be the first derivative of 3*y**2/2 - 4*y - 7. What is i(3)?
5
Suppose 4*c = 4 + 12. Suppose 2 = 2*d, c*d - 5 - 1 = 2*j. Let t(b) = -8*b**3 - 2*b**2 - 2*b - 1. What is t(j)?
7
Suppose 4*u + 13 = 4*x + x, -3*u = -2*x + 8. Let y(g) = 4*g - 3 - 2*g + 5 + x. Give y(-5).
-7
Let x(o) = -5*o**2 - 4*o + 5. Let h(k) = 11*k**2 + 9*k - 12. Let m(r) = 6*h(r) + 13*x(r). What is m(-5)?
8
Let z(k) = k + 4 - 4 - 3 - 3. Give z(7).
1
Let p(u) = u**3 + 3*u + 8 - 4 + 2*u**2 - 7*u**2. Let j(z) = -z**2 + 5*z + 10. Let m be j(6). Let f be m - 0/(-8 + 4). Determine p(f).
0
Let p(q) = 0 + 3 + 0*q**2 - 2*q**2 - 2. What is p(-1)?
-1
Suppose -2*g = 3*g - 15. Suppose -g*j = 5*f + 5 + 2, -5*j + 2*f + 9 = 0. Let k(v) = 7*v - 1. Calculate k(j).
6
Let u(o) = -2. Let t(l) = -1. Let p(f) = 7*t(f) - 4*u(f). Let d(g) = 4*g + 10. Let x(y) = d(y) - 3*p(y). Determine x(-5).
-13
Let v(z) be the third derivative of z**8/20160 - z**7/1260 - z**6/90 + z**5/15 + 3*z**2. Let n(x) be the third derivative of v(x). Calculate n(6).
4
Let z(p) be the second derivative of -p**3/2 + p**2/2 + 2*p. Suppose 3*y - 3 = 2*y. Determine z(y).
-8
Let a(h) be the second derivative of -h**3/3 + 3*h**2 + h. Suppose 3*m + 2*m + 51 = -4*l, 0 = 3*l + 5*m + 42. Let c = 14 + l. Calculate a(c).
-4
Let n(z) = 2*z - 9. Let q be n(6). Suppose 12 = -q*w - 3. Let l(p) = -7*p**2 + p. Let k(r) = -6*r**2 + 1. Let a(b) = -6*k(b) + 5*l(b). Determine a(w).
-6
Let t(p) = p**2 + 22*p - 21. Let c be t(-23). Let w(l) be the first derivative of 1/4*l**4 + 1/2*l**c - 3 - 4/3*l**3 + l. Calculate w(2).
-5
Let n(f) = f**3 - 2*f**2 - 2*f + 3. Let p be n(3). Let r(l) = l**3 - 4*l**2 + 4*l**2 + 4*l**2 - 6 - p*l. Suppose 3*j - 2*j + 5*i = -10, -5*i = 5. What is r(j)?
-1
Suppose 0*r - 4*p = 2*r, -3*p = -r. Let m(x) = x**3 - x**2 - x - 1. Determine m(r).
-1
Let v(z) be the third derivative of -z**6/360 + 3*z**5/40 - 3*z**4/8 - 2*z**3/3 + 5*z**2. Let b(o) be the first derivative of v(o). Give b(7).
5
Let t = 475 + -475. Let g(w) be the first derivative of w**4/24 + 7*w**3/6 + w**2/2 + 1. Let k(l) be the second derivative of g(l). What is k(t)?
7
Let l(n) be the first derivative of n**2 + 4*n - 4. Determine l(-7).
-10
Let g be (-24)/(-14) + (-2)/(-7). Let m be ((-3)/(-2))/(g/12). Let u = m - 11. Let o(d) = d**3 - 3*d - 1. Give o(u).
-3
Let d(w) be the second derivative of w**4/12 - w**3 + 2*w**2 + w. Let n = 75 + -72. Give d(n).
-5
Let p(t) = -t. Let i(x) = -x. Let a(y) = -y**2 + y + 5. Let v(u) = -a(u) + 2*i(u). Let d be v(4). Let o be 3*(2 + -3)*d. Calculate p(o).
-3
Let n be 1 + -1 + 2 + -2. Let y be -5 + 7 - 0/(-1). Let s = n + y. Let q(b) = 2*b - 3. What is q(s)?
1
Suppose -2*t = -4, -4*p + 4*t = -t - 2. Suppose 0 = -5*i + 4*x + 10, -2*i - 2 = -3*i - 5*x. Let g(f) = f**2 - 7 - 3*f + 4 + f**i. What is g(p)?
6
Suppose 0*m - 4*d + 20 = 5*m, -4*m + d + 37 = 0. Let w(c) = 2*c - 4. Calculate w(m).
12
Let a(i) = i - 2. Suppose 3*c = 3*u - 42 + 117, -2*c = -3*u - 48. Let g = 29 - c. What is a(g)?
0
Suppose g + 6 = -2*g. Let n be 2/g + 1 + 5. Let i(d) be the third derivative of -d**4/24 - d**3/6 + 4*d**2. Calculate i(n).
-6
Let n = 6 + -6. Let h(b) = 1 - 5*b**2 + 16*b**2 - 3*b + n + 2*b. What is h(1)?
11
Let r = -23 + 27. Let z be (1 - 1)/(6/(-3)). Let a(d) = 2*d + d**2 - r*d**2 + z*d + 5*d**2 + 3. Give a(-2).
7
Let u(n) = n**2 - 3*n + 2. Let y be (-2)/4 - 28/(-8). Let o be u(y). Let k(v) be the third derivative of -v**4/24 + v**3/6 - 3*v**2. Determine k(o).
-1
Let h(q) be the third derivative of q**4/8 - 2*q**2 + 34*q. What is h(-3)?
-9
Suppose d = 4*k + 7, -3*d - 3 + 14 = -2*k. Let j(v) = -v + 4. Let l(q) = q + 1. Let z(c) = j(c) - 3*l(c). What is z(k)?
5
Let n(a) = -4*a**2 + a. Let b(m) be the third derivative of -17*m**5/60 + m**4/6 - m**2. Let r = 15 - 24. Let d(x) = r*n(x) + 2*b(x). Give d(2).
6
Let c = -210 - -210. Let g(k) = 3*k**2 - 1. Let p(b) = -16*b**2 + 5. Let y(f) = 11*g(f) + 2*p(f). Determine y(c).
-1
Let g(r) = 6*r**2 + 2*r - 1. Let y(s) = s + 1. Let i be y(-1). Suppose x + 8 = 2*q - i*q, 5*q = -x + 13. Let p be -1*x/(1 - -1). Determine g(p).
7
Let h(b) = -b**2 + b - 1. Let n(f) = -4*f - 11. Let i be n(-3). Determine h(i).
-1
Suppose -2*b + 7 = 3*f - 4*f, f + 16 = 5*b. Suppose -3*o = -15, 3*g + g - 25 = -o. Let v(p) = -p - g + b - 1. Calculate v(-2).
-1
Let n(q) = -q**2 + 5*q - 2. Suppose 2*d - 20 = -2*d. Give n(d).
-2
Let l(w) = w**2 - 2 - 58*w + 25*w + 32*w. Give l(-4).
18
Let h = 11 + -6. Suppose 5*l = -d, -3*d + l - 5*l = -11. Let p(q) = -2*q**2 - q**2 - d*q + 4*q**2. Determine p(h).
0
Let f(r) = 5*r**3 - 4*r**3 - r**2 + 0*r**2 - 1. Suppose 2*k + 5 = -5*x - 1, -3*k - 3*x = 0. Calculate f(k).
3
Let u(r) = 2*r**2 + r - 2. Suppose -2*v + 3*v = 8. Let q(p) = -p - 5*p - 3 - v*p**2 - p**3 + 2*p**2. Let w be q(-5). Determine u(w).
8
Let z(m) = 0*m - 10 + 6*m - m. Let c be -2 - 18*2/4. Let t(o) = o - 2. Let g(x) = c*t(x) + 2*z(x). Calculate g(0).
2
Let a be 2 + (1 - -2) + -1. Let j(v) = 2*v - 3*v + v**3 + 1 - a*v**3. Let z(t) = t**2 - 3*t - 17. Let g be z(6). What is j(g)?
-3
Let f be 6 + (6/3 - 2). Suppose c = -0*c + f. Let y(u) = u**3 - 7*u**2 + 6*u + 4. Give y(c).
4
Let v(b) = -6*b. Let z be v(-2). Suppose 0 = -3*u + 2*p - 4, -4*p + 7*p + z = 0. Let m(w) = w. Calculate m(u).
-4
Let k(w) = -w**3 + 4*w**2 + w + 2. Suppose -4 = -3*f + 2*f. Let x be k(f). Suppose 0*y - x = -2*y. Let b(m) = m - 4. What is b(y)?
-1
Let a(h) be the second derivative of h**4/12 + h**3/3 - h**2 - 2*h. Determine a(2).
6
Let p(a) = -3*a + 6. Let v(r) be the second derivative of -r**3/6 + r**2/2 + 2*r. Let h(g) = p(g) - 5*v(g). Let z(k) = -k. Let d be z(-4). What is h(d)?
9
Suppose 19*a = 16*a + 6. Let x(p) = 9*p - 4. Let c(h) be the third derivative of h**4/6 - h**3/3 - h**2